is divided by 167?
165
Calculate the remainder when 1774878 is divided by 495.
303
Calculate the remainder when 4492297 is divided by 568.
553
What is the remainder when 342477 is divided by 312?
213
Calculate the remainder when 458971 is divided by 229428.
115
What is the remainder when 525226 is divided by 32823?
58
What is the remainder when 9771 is divided by 2727?
1590
What is the remainder when 2422485 is divided by 807473?
66
What is the remainder when 22450772 is divided by 2245075?
22
What is the remainder when 5296477 is divided by 35?
32
What is the remainder when 930779 is divided by 27375?
29
What is the remainder when 4826 is divided by 2639?
2187
Calculate the remainder when 119234 is divided by 5858.
2074
What is the remainder when 26941434 is divided by 308?
58
Calculate the remainder when 31773 is divided by 227.
220
What is the remainder when 4574176 is divided by 2287079?
18
What is the remainder when 15888349 is divided by 496510?
29
Calculate the remainder when 21474554 is divided by 13.
10
What is the remainder when 1299752 is divided by 36?
8
Calculate the remainder when 6614877 is divided by 156.
9
Calculate the remainder when 29445754 is divided by 20.
14
Calculate the remainder when 432862 is divided by 16025.
187
Calculate the remainder when 1897854 is divided by 47446.
14
What is the remainder when 6236960 is divided by 2700?
2660
What is the remainder when 2318896 is divided by 2403?
1
Calculate the remainder when 348539 is divided by 316.
307
What is the remainder when 237842 is divided by 572?
462
Calculate the remainder when 5711802 is divided by 548.
546
Calculate the remainder when 427222 is divided by 841.
835
Calculate the remainder when 5106339 is divided by 212764.
3
What is the remainder when 2111346 is divided by 1055669?
8
What is the remainder when 12306930 is divided by 30?
0
Calculate the remainder when 6097151 is divided by 110857.
16
Calculate the remainder when 64920875 is divided by 32460427.
21
What is the remainder when 100803 is divided by 862?
811
What is the remainder when 4244310 is divided by 3390?
30
Calculate the remainder when 46196791 is divided by 16.
7
Calculate the remainder when 161566 is divided by 80639.
288
Calculate the remainder when 12196 is divided by 681.
619
What is the remainder when 60669 is divided by 20146?
231
Calculate the remainder when 67596 is divided by 869.
683
What is the remainder when 512739 is divided by 128180?
19
What is the remainder when 267750 is divided by 38248?
14
What is the remainder when 2327565 is divided by 387771?
939
Calculate the remainder when 685012 is divided by 228303.
103
Calculate the remainder when 83162 is divided by 41558.
46
Calculate the remainder when 932081 is divided by 76.
17
Calculate the remainder when 2340597 is divided by 3856.
5
What is the remainder when 348465716 is divided by 9345?
11
What is the remainder when 122362 is divided by 60879?
604
Calculate the remainder when 437929 is divided by 1628.
1625
What is the remainder when 355866 is divided by 34?
22
What is the remainder when 33551950 is divided by 1048498?
14
What is the remainder when 7166393 is divided by 396?
377
Calculate the remainder when 22727815 is divided by 160.
135
Calculate the remainder when 1766669 is divided by 81.
59
Calculate the remainder when 1279768 is divided by 1823.
22
Calculate the remainder when 16321710 is divided by 3826.
3820
What is the remainder when 68586485 is divided by 2?
1
What is the remainder when 1184402 is divided by 394574?
680
Calculate the remainder when 4938262 is divided by 12.
10
Calculate the remainder when 184996 is divided by 143.
97
What is the remainder when 3958573 is divided by 5639?
5634
What is the remainder when 10780 is divided by 272?
172
Calculate the remainder when 308625 is divided by 1257.
660
Calculate the remainder when 69400075 is divided by 13880015.
0
Calculate the remainder when 146542 is divided by 146416.
126
Calculate the remainder when 118578 is divided by 525.
453
What is the remainder when 1154903 is divided by 11104?
87
Calculate the remainder when 605280501 is divided by 417.
414
Calculate the remainder when 334731 is divided by 41827.
115
Calculate the remainder when 7656 is divided by 1673.
964
What is the remainder when 4253262 is divided by 1417722?
96
Calculate the remainder when 29325158 is divided by 3063.
3059
What is the remainder when 7125399 is divided by 18?
9
What is the remainder when 107958138 is divided by 9?
6
What is the remainder when 41135 is divided by 1562?
523
What is the remainder when 30906367 is divided by 32?
31
Calculate the remainder when 10688 is divided by 3488.
224
What is the remainder when 9842711 is divided by 235?
206
What is the remainder when 413344 is divided by 914?
216
Calculate the remainder when 56958 is divided by 56030.
928
What is the remainder when 8424938 is divided by 254?
12
What is the remainder when 654720 is divided by 163677?
12
What is the remainder when 88730368 is divided by 29576784?
16
What is the remainder when 2524165 is divided by 2114?
49
What is the remainder when 17216152 is divided by 5153?
5132
Calculate the remainder when 294687 is divided by 73300.
1487
Calculate the remainder when 7481431 is divided by 233.
34
Calculate the remainder when 45855609 is divided by 157.
148
What is the remainder when 344160 is divided by 56?
40
What is the remainder when 3526992 is divided by 8108?
12
What is the remainder when 194268 is divided by 47388?
4716
What is the remainder when 1785473 is divided by 294?
11
Calculate the remainder when 234592 is divided by 231800.
2792
Calculate the remainder when 11187620 is divided by 1864603.
2
What is the remainder when 29926398 is divided by 167?
165
Calculate the remainder when 116709 is divided by 493.
361
Calculate the remainder when 1198328 is divided by 3514.
54
Calculate the remainder when 3806110 is divided by 1903046.
18
What is the remainder when 78041458 is divided by 82?
8
What is the remainder when 5916103 is divided by 657343?
16
What is the remainder when 933120 is divided by 8?
0
Calculate the remainder when 656712 is divided by 414.
108
What is the remainder when 637701 is divided by 22775?
1
Calculate the remainder when 1847526 is divided by 5233.
277
Calculate the remainder when 8169793 is divided by 247569.
16
What is the remainder when 261109 is divided by 43516?
13
What is the remainder when 154904 is divided by 50058?
4730
Calculate the remainder when 2930089 is divided by 2930087.
2
What is the remainder when 130989438 is divided by 8?
6
What is the remainder when 6200206 is divided by 3100090?
26
Calculate the remainder when 83093360 is divided by 243.
239
What is the remainder when 1776765 is divided by 355345?
40
Calculate the remainder when 28385 is divided by 2265.
1205
Calculate the remainder when 93231 is divided by 31068.
27
What is the remainder when 1619106 is divided by 5440?
3426
Calculate the remainder when 551921441 is divided by 908.
905
Calculate the remainder when 277945 is divided by 1057.
1011
Calculate the remainder when 602030 is divided by 4471.
2916
What is the remainder when 4812831 is divided by 38813?
19
Calculate the remainder when 221883 is divided by 110427.
1029
What is the remainder when 5319135 is divided by 4840?
4815
What is the remainder when 648591 is divided by 216154?
129
What is the remainder when 302141 is divided by 149383?
3375
Calculate the remainder when 5830138 is divided by 64067.
41
Calculate the remainder when 36995508 is divided by 1849772.
68
Calculate the remainder when 434575 is divided by 10088.
791
What is the remainder when 395101 is divided by 56433?
70
Calculate the remainder when 6254615 is divided by 2084807.
194
Calculate the remainder when 958560 is divided by 958537.
23
Calculate the remainder when 87938 is divided by 12559.
25
Calculate the remainder when 4907678 is divided by 116845.
188
Calculate the remainder when 254685 is divided by 243.
21
What is the remainder when 63968237 is divided by 35?
32
What is the remainder when 3908010 is divided by 122125?
10
Calculate the remainder when 6186182 is divided by 30176.
102
What is the remainder when 1657773 is divided by 37?
25
What is the remainder when 